**3 - 57*j**2 + 107*j - 42. Is 11 a factor of d(-61)?
False
Suppose -5*c + 24 = -1, r = 5*c + 292. Suppose 5*d - r = -37. Does 41 divide d?
False
Let u be ((-4)/8)/(1/(-6)). Suppose -u*d + 53 + 70 = 0. Let b = d + 22. Is b a multiple of 7?
True
Let a = -20 - -57. Suppose 0 = 4*o - a - 195. Does 11 divide (-7 - -5)*o/(-4)?
False
Let v(p) be the third derivative of 13*p**5/60 - p**4/4 + 2*p**3/3 - 20*p**2 - 2. Is v(-3) a multiple of 13?
False
Is 147 a factor of 392*210/160*4?
True
Suppose 0 = 6*a - 12*a + 24. Suppose 54 + 986 = a*d. Suppose d = 4*c + 2*q, -c + 2*q + 39 + 21 = 0. Is 5 a factor of c?
False
Suppose -4*k + j + 9 = -714, -891 = -5*k - 3*j. Suppose -33*g + 36*g = k. Does 10 divide g?
True
Is (6/5)/(182/1930565) a multiple of 12?
False
Let z(k) = -5*k**3 + 3*k**2 - 3*k + 3. Let f be z(-3). Let u be (f/(-145))/(-1 - 6/(-10)). Suppose -u*s + 54 = 9. Does 15 divide s?
True
Suppose -134*o - 4907 = -3*h - 129*o, 0 = -h - 5*o + 1689. Does 5 divide h?
False
Let a = -10 - -15. Suppose a*z - 8*z = -93. Suppose -4*l - z = -3*p - 0, -5*p - 3*l + 42 = 0. Does 7 divide p?
False
Suppose 4*x - g + 12 = 5, -4*g = -4*x + 8. Let r(l) = -102*l + 30. Does 14 divide r(x)?
True
Let r = 59877 - -6229. Is 88 a factor of r?
False
Suppose -5*u + 51 = l, 6*u + 4*l = u + 54. Let o be (1/(u/(-12)))/(24/(-80)). Suppose 143 - 203 = -o*c. Does 3 divide c?
True
Let k be (8/(-16))/(2/4). Let c be (6 - 7)/(k/5). Does 15 divide (-2)/c + (-748)/(-20)?
False
Suppose -5*m = -3*x - 10608, 0 = 7*m - 12*m + 6*x + 10626. Is 6 a factor of m?
True
Suppose 0 = -d + 3*d + 6. Let i(f) = 4. Let h(r) = -20*r - 30. Let y(g) = h(g) + 8*i(g). Is y(d) a multiple of 11?
False
Let g = 69 + -42. Let y = 28 - g. Let d(w) = 43*w + 2. Is d(y) a multiple of 5?
True
Suppose 0 = 2*i - 5 - 55. Suppose i*c + 300 = 33*c. Is 21 a factor of c?
False
Suppose 246 = 5*t - n, 5*n + 23 = t - 7. Let z = t - 47. Suppose 0 = 3*a - 2*b - b - 84, -83 = -z*a + 4*b. Is 9 a factor of a?
False
Let b be 2/3*(-3591)/42. Let l = 60 + b. Let y(d) = 10*d. Does 15 divide y(l)?
True
Let o(d) = 4*d**2 - 63*d - 767. Does 2 divide o(-11)?
True
Let g = -25 + 145. Suppose -g = -d - 112. Is d a multiple of 4?
True
Let z(l) = -l**3 + l**2 - 11*l + 25722. Is z(0) a multiple of 14?
False
Suppose -4*n = 44 - 0. Let a(s) be the first derivative of -s**4/4 - 11*s**3/3 - 5*s**2/2 - 24*s - 3758. Does 5 divide a(n)?
False
Let t(s) = 92 - 2*s**2 + 15*s**2 + 66*s + 11*s. Let a(k) = 7*k**2 + 39*k + 46. Let p(m) = 11*a(m) - 6*t(m). Is p(-24) a multiple of 34?
True
Suppose 0 = -10*b + 5*b + 25. Suppose -b - 12 = p. Does 5 divide (1 - p) + 30/10?
False
Let o(t) = -2*t**3 + 184*t**2 + 26*t - 202. Does 10 divide o(92)?
True
Is 68 a factor of (4/(-24))/(48/(-2600928))?
False
Suppose 0 = 4*k - 1308 - 600. Suppose 4*n - 596 = -5*s, 3*n + 35 = -5*s + k. Is n a multiple of 14?
True
Suppose -3*k - 1899 + 18647 = 4*x, x + 5*k = 4204. Is 14 a factor of x?
False
Is 18 a factor of (60 - 96)/(1/(-327))?
True
Suppose -96*k = -93*k - 27. Suppose -k*b - a + 441 = -4*b, -b + 86 = -2*a. Is b a multiple of 5?
False
Suppose -4*m - 28 = 2*w, -6*w = -m - 5*w - 1. Let q be 3 - (0 + m - 24). Suppose -4*y + 333 = v - q, -3*v + 1123 = -2*y. Does 50 divide v?
False
Suppose -18*w + 16*w + 3*n + 6719 = 0, -4*n - 3357 = -w. Is w a multiple of 4?
False
Let t be 8/12 - (-6)/(-9). Suppose t = 3*n + c - 475 + 114, -n + c + 119 = 0. Is n a multiple of 15?
True
Is 238 a factor of 299878/10 - (6 - (558/30)/3)?
True
Let u(x) = 2*x**3 + 83*x**2 - 16*x + 62. Is 121 a factor of u(-33)?
False
Is 72788/12 + 18*17/918 a multiple of 15?
False
Let y(l) = 3*l**2 - 4*l - 2. Let b be y(2). Let r(t) = 21 + t**b + 13*t - 3*t - 2*t**2 + 10. Is r(10) a multiple of 11?
False
Let a = 2861 + -1776. Is 35 a factor of a?
True
Is 44 a factor of (1291 - 0 - (-56)/(-28)) + (-2 - -7)?
False
Suppose 3*a - 6*a = -27. Let c be (-693)/(-12) + a/(-12). Let s = c - 42. Is 7 a factor of s?
False
Let a = 18494 - 2948. Is 7 a factor of a?
False
Let a be (-16 + 7)*(-790)/(-6). Let f = -753 - a. Does 92 divide f?
False
Suppose -10*b = -43*b + 363. Suppose 0 = -z + 3, b*g = 6*g - 5*z + 130. Is g even?
False
Let d(h) = 13*h**2 + 3*h - 2. Suppose 0 = -4*n + n - 12. Let p = n - -2. Is d(p) a multiple of 11?
True
Does 2 divide 51*(2 - 0) - (-9 + 15 + -10)?
True
Suppose -8*t = -11*t + 1467. Suppose z - 3*g = t, z + 5*g - 475 = g. Is 23 a factor of z?
True
Let h(p) = -p**3 - 12*p**2 - 8*p - 19. Let j be (-2)/(-7) - 6/21. Suppose 0 = -j*w - 6*w - 72. Does 10 divide h(w)?
False
Suppose 9*p = 5009 + 967. Suppose 11*z = 15*z - p. Does 52 divide z?
False
Let p(m) be the first derivative of m**5/60 + m**4/8 - m**3 + m**2/2 + 27. Let t(w) be the second derivative of p(w). Is t(11) a multiple of 23?
False
Let c = -21841 - -32743. Is 20 a factor of c?
False
Suppose 0 = 4*k + 2*y - 2158, -4*y = -3*k - y + 1641. Suppose l - 2*o - k = 0, -17*l - 4*o + 2192 = -13*l. Is l a multiple of 13?
True
Let t = 7239 - 4535. Does 52 divide t?
True
Let p(j) = 24*j + 34. Suppose 4*h + c = 38, -h - 2*c = -7*c + 1. Let i be p(h). Suppose w + 3*w + 3*a - 315 = 0, 3*w + 5*a = i. Does 8 divide w?
False
Let g(w) = 218*w + 211. Let m(h) = 73*h + 70. Let d(o) = -2*g(o) + 7*m(o). Is 16 a factor of d(4)?
True
Suppose 2*f - 3*p + 15 = 0, -3*f - 4*p - 17 = 14. Let r be (1/3)/((-1)/f). Is 11 a factor of (0 - 106/r)/(8/(-12))?
False
Let b be (1/(10/272))/((-32)/(-80)). Let q = -38 + b. Does 2 divide q?
True
Let w(x) = -4*x**2 - 4*x + 4. Let r be w(4). Let c be 648/(-64) - 14/(-112). Is 27 a factor of c/(2 - -3) - r?
False
Let z(x) = x**3 - 4*x**2 - 10*x + 47. Let g = -438 - -445. Does 3 divide z(g)?
False
Let o be ((-19762)/(-123))/(4/18). Let r = 1905 - o. Is 22 a factor of r?
False
Is 1474014/329 + (2 - 16/7) a multiple of 112?
True
Suppose 0 = 5*i + 5*g - 6*g - 35587, -i + 7095 = 3*g. Is i a multiple of 11?
False
Let j be ((1 + 353)/3)/2. Suppose j = 5*l - 4*u + u, 0 = -4*l - 3*u + 31. Is 22 a factor of (l/(-4))/((-4)/176)?
True
Is 41 a factor of ((-631378)/(-33))/((-4)/(-12))?
False
Let a = -242 + 245. Suppose 0 = -4*t - 8, 0*t - 2*t = -3*i + 13. Suppose -155 = -5*v - 3*n - 2*n, a*n + 117 = i*v. Is 5 a factor of v?
True
Suppose 2*c - 2*q + 6*q + 6 = 0, 6 = -5*c - q. Suppose 8 = 2*r - 0. Is 20 a factor of (124/r + c)/1?
False
Suppose -1813 = -2*i + 1857. Is 29 a factor of i?
False
Suppose 8*u - 4*u = -12, 3*a = 4*u + 17148. Is 12 a factor of a?
True
Suppose 4*c + 44 = -0*c + k, -2*c - k - 22 = 0. Let h = -5 - c. Suppose -3*p - 216 = -2*l - h*p, 2*l = p + 224. Does 47 divide l?
False
Let d = -8552 + 14748. Is d a multiple of 65?
False
Let h(t) be the third derivative of -5*t**4/8 - 62*t**3/3 - 13*t**2. Is 6 a factor of h(-14)?
False
Suppose 0*v = v + 954. Is 5 a factor of v/(-1 + -5) - -3?
False
Let r = -209 + 211. Suppose 399 = r*x + x. Is x a multiple of 14?
False
Let j = 35 - 33. Let s(z) = 7*z**2 - 28 + 7*z - 3*z**2 + 0*z - j*z. Is s(7) a multiple of 10?
False
Let b(m) = -792*m - 1098. Let x(o) = -158*o - 220. Let g(a) = 3*b(a) - 14*x(a). Is 9 a factor of g(-8)?
True
Let a(g) = 2*g**2 - 5*g - 1. Let p be a(4). Let v = -2029 + 2064. Suppose -3*k - p = -v. Is k a multiple of 2?
True
Suppose 0 = 3*h - 3, 4*b + 3*h = 606 + 805. Suppose 0*y - 4*y + b = 0. Let s = -35 + y. Is s a multiple of 13?
False
Let f be (-78)/10 + (-15)/75. Let c be (-7448)/(-24) - (f/(-6) + -1). Suppose 5*l - c - 50 = 0. Is l a multiple of 11?
False
Let u be (-8)/(-3)*(-135)/18. Let h be u/(4 + -6) - 4. Suppose 3*v - h*v = -z + 17, 0 = -5*z + 4*v + 96. Is z a multiple of 17?
False
Suppose 4*m - 4593 = -3*t + 12492, -m + 3*t + 4260 = 0. Is m a multiple of 141?
False
Is 16 a factor of 1466*(3216/224 + (-4)/(-28))?
False
Let b(l) = -l**2 - 13*l + 25. Let a be b(-15). Let s(t) = t**3 + 4*t**2 - 5*t - 4. Let n be s(a). Is ((-9)/n)/((-9)/(-192)) a multiple of 8?
True
Let m(p) = -p**3 + 16*p**2 + 18*p + 9. Let t be m(17). Suppose 105*j - 103*j + t = 0. Does 28 divide 102/3*j/(-2)?
False
Suppose -2 = 2*p, 3*p - 8*p = -z + 6. Does 55 divide (334 + 0 - z*4)/2?
True
Let q(t) = t**2 - 29*t + 75. Let j be q(33). Let n = -67 + j. Is n a multiple of 9?
False
Let y = 56 + -74. Let j be 2/(-3) - 14*42/y. Let x = j - 4. Does 14 divide x?
True
Let z(j) = 8*j**2 + 4*j + 9. Let b = 172 - 166. Is 25 a f